38649 prime?
True
Is 13358 prime?
False
Is 5273 composite?
False
Is 264997 a prime number?
True
Is 827029 a prime number?
False
Is 55799 composite?
False
Is 149371 prime?
True
Is 88381 prime?
False
Is 14567 composite?
True
Is 236337 composite?
True
Is 337191 a prime number?
False
Is 31258 a prime number?
False
Is 53443 a composite number?
True
Is 268619 composite?
True
Is 33529 prime?
True
Is 191855 a composite number?
True
Is 233549 a prime number?
True
Is 22739 prime?
True
Is 196919 a composite number?
False
Is 179351 a prime number?
True
Is 13521 a composite number?
True
Is 60157 composite?
True
Is 1606049 composite?
True
Is 20653 prime?
False
Is 137909 prime?
True
Is 14939 a composite number?
False
Is 1559 a prime number?
True
Is 538649 a composite number?
False
Is 115946 composite?
True
Is 1169267 prime?
False
Is 14621 prime?
True
Is 362721 composite?
True
Is 6119 composite?
True
Is 156581 composite?
True
Is 557677 prime?
False
Is 1858 a composite number?
True
Is 2393 composite?
False
Is 49717 composite?
True
Is 96071 composite?
True
Is 21737 composite?
False
Is 1835 a prime number?
False
Is 11519 a composite number?
False
Is 10007 a composite number?
False
Is 11015 composite?
True
Is 4111 composite?
False
Is 73317 prime?
False
Is 179951 composite?
False
Is 71749 a composite number?
True
Is 2371749 a composite number?
True
Is 169217 composite?
False
Is 14671 a composite number?
True
Is 337 prime?
True
Is 26654 a composite number?
True
Is 8767 composite?
True
Is 20201 a prime number?
True
Is 2533 a prime number?
False
Is 2221 prime?
True
Is 12871 composite?
True
Is 7039 composite?
False
Is 55487 composite?
False
Is 214771 a composite number?
False
Is 119129 composite?
False
Is 517993 composite?
True
Is 192862 a composite number?
True
Is 151049 a prime number?
True
Is 430834 a composite number?
True
Is 1561 composite?
True
Is 219251 prime?
True
Is 14383 a composite number?
True
Is 9355 a prime number?
False
Is 2611 composite?
True
Is 28921 a composite number?
False
Is 341149 prime?
False
Is 7223 a composite number?
True
Is 259241 a composite number?
True
Is 1560961 a prime number?
False
Is 9753 a composite number?
True
Is 13669 composite?
False
Is 161503 a composite number?
False
Is 6323 prime?
True
Is 129 prime?
False
Is 118247 a composite number?
False
Is 107513 a prime number?
False
Is 15163 prime?
False
Is 13411 composite?
False
Is 4111 a composite number?
False
Is 129263 a prime number?
True
Is 155149 prime?
False
Is 2773 a prime number?
False
Is 41941 a composite number?
False
Is 1372717 prime?
False
Is 12014 prime?
False
Is 22229 prime?
True
Is 11863 a composite number?
False
Is 1655 prime?
False
Is 5381 a prime number?
True
Is 3319 a prime number?
True
Is 1441559 a prime number?
False
Is 68351 prime?
True
Is 617647 a prime number?
True
Is 74695 a composite number?
True
Is 95077 prime?
False
Is 298673 a composite number?
True
Is 19031 a prime number?
True
Is 3433 a composite number?
False
Is 25733 composite?
False
Is 163 a composite number?
False
Is 17517 a prime number?
False
Is 60493 a prime number?
True
Is 4406 composite?
True
Is 38953 a prime number?
True
Is 22461 composite?
True
Is 379273 a composite number?
False
Is 6481 a prime number?
True
Is 664247 prime?
False
Is 33463 a prime number?
False
Is 23683 composite?
True
Is 150899 composite?
True
Is 59507 a composite number?
True
Is 77 composite?
True
Is 6589849 prime?
False
Is 2698447 composite?
True
Is 43241 prime?
False
Is 3749 a composite number?
True
Is 40459 prime?
True
Is 10367 a composite number?
True
Is 88019 a composite number?
False
Is 806815 a composite number?
True
Is 122495 a prime number?
False
Is 430061 a composite number?
False
Is 284851 a prime number?
False
Is 271097 composite?
False
Is 1639 composite?
True
Is 93733 a prime number?
False
Is 89605 composite?
True
Is 876055 a composite number?
True
Is 38993 a prime number?
True
Is 2005 composite?
True
Is 693569 composite?
False
Is 8915 a prime number?
False
Is 7903 prime?
False
Is 189806 prime?
False
Is 26281 a prime number?
False
Is 631 composite?
False
Is 982901 composite?
True
Is 666427 prime?
True
Is 105137 prime?
True
Is 73583 a composite number?
False
Is 184981 a composite number?
True
Is 1994 a prime number?
False
Is 129 prime?
False
Is 89221 prime?
False
Is 653701 a prime number?
False
Is 395231 prime?
True
Is 723029 a composite number?
False
Is 24899 a prime number?
False
Is 27961 a prime number?
True
Is 8347 composite?
True
Is 830441 a prime number?
True
Is 762319 prime?
True
Is 70607 a composite number?
False
Is 114941 composite?
False
Is 21547 a composite number?
True
Is 401503 a composite number?
True
Is 251 composite?
False
Is 6959 a composite number?
False
Is 1675313 a composite number?
True
Is 388711 composite?
False
Is 20285 prime?
False
Is 1977 composite?
True
Is 238957 composite?
True
Is 6599 a prime number?
True
Is 357497 a composite number?
True
Is 3764305 a prime number?
False
Is 10487 a composite number?
False
Is 39703 composite?
False
Is 25021 prime?
False
Is 514909 a composite number?
True
Is 18427 composite?
False
Is 11363 prime?
False
Is 28058 prime?
False
Is 512881 prime?
False
Is 2073113 prime?
False
Is 1474649 prime?
False
Is 1761 composite?
True
Is 8997 a composite number?
True
Is 258179 a prime number?
False
Is 264035 a prime number?
False
Is 1574191 prime?
False
Is 15671 composite?
False
Is 96431 a prime number?
True
Is 52387 composite?
False
Is 5839 composite?
False
Is 47039 a composite number?
True
Is 853 a composite number?
False
Is 860627 a composite number?
True
Is 1611031 prime?
True
Is 41267 a prime number?
False
Is 5095237 composite?
True
Is 431189 composite?
True
Is 45817 composite?
False
Is 347593 a prime number?
False
Is 823153 a prime number?
True
Is 48743 a composite number?
True
Is 648341 a composite number?
False
Is 87271 prime?
False
Is 20399 a composite number?
False
Is 2537 a prime number?
False
Is 32771 a composite number?
False
Is 32141 composite?
False
Is 317633 a prime number?
False
Is 3941 a prime number?
False
Is 119585 a composite number?
True
Is 41941 a composite number?
False
Is 126281 prime?
False
Is 9111 a composite number?
True
Is 1195891 composite?
False
Is 321499 a prime number?
False
Is 891421 a composite number?
False
Is 281509 prime?
True
Is 365561 a prime number?
False
Is 82939 a prime number?
True
Is 78497 a composite number?
False
Is 95987 a prime number?
True
Is 13751 a prime number?
True
Is 3593 prime?
True
Is 619793 a prime number?
True
Is 102293 prime?
True
Is 240083 composite?
True
Is 5999 composite?
True
Is 719629 prime?
False
Is 156797 composite?
False
Is 6047 composite?
False
Is 10661 a prime number?
False
Is 163517 prime?
True
Is 962419 a prime number?
False
Is 17147 a composite number?
True
Is 6589 a composite number?
True
Is 104147 composite?
False
Is 1253 a prime number?
False
Is 3821 a composite number?
False
Is 12961 a composite number?
True
Is 60985 a prime number?
False
Is 2155 prime?
False
Is 2503 composite?
False
Is 2173 composite?
True
Is 133613 a prime number?
False
Is 319 a composite number?
True
Is 210274 a composite number?
True
Is 11239 composite?
False
Is 148817 composite?
False
Is 349385 a composite number?
True
Is 2203003 composite?
True
Is 379803 a prime number?
False
Is 19 a composite number?
False
Is 590263 prime?
True
Is 3849 a composite number?
True
Is 1709 composite?
False
Is 27349 a prime number?
False
Is 36739 prime?
True
Is 1361 composite?
False
Is 28537 prime?
True
Is 16477 a prime number?
True
Is 1474673 a prime number?
False
Is 377963 a prime number?
True
Is 670337 composite?
True
Is 4061 composite?
True
Is 423938 composite?
True
Is 6457 a composite number?
True
Is 5711 composite?
False
Is 318697 prime?
False
Is 8953 a prime number?
False
Is 13238 a composite number?
True
Is 18367 a prime number?
True
Is 144037 a prime number?
True
Is 296129 composite?
False
Is 16241 composite?
True
Is 115249 a prime number?
True
Is 614387 composite?
False
Is 27791 a prime number?
True
Is 98803 composite?
True
Is 5951 composite?
True
Is 4094157 a composite number?
True
Is 20201 composite?
False
Is 706201 a prime number?
True
Is 1219 composite?
True
Is 16439 a composite number?
True
Is 3371 a composite number?
False
I